{"id":405,"date":"2021-01-15T16:25:35","date_gmt":"2021-01-15T16:25:35","guid":{"rendered":"http:\/\/cavernaselsauce.com.ar\/?page_id=405"},"modified":"2021-03-18T16:51:55","modified_gmt":"2021-03-18T16:51:55","slug":"quienes-somos","status":"publish","type":"page","link":"https:\/\/cavernaselsauce.com.ar\/index.php\/quienes-somos\/","title":{"rendered":"Quienes somos"},"content":{"rendered":"\n<section id=\"section-20028cb0-1e00-4889-a109-80ed632b5b1f\" class=\"wp-block-gutentor-about-block gutentor-section gutentor-about about-template1 has-color-bg has-custom-bg\"><div class=\"grid-container\"><div class=\"gutentor-grid-item-wrap\"><div class=\"gutentor-single-item\"><div class=\"grid-row\"><div class=\"grid-md-6 about-grid\"><div class=\"gutentor-single-item-image-box\"><div class=\"gutentor-image-thumb\"><img decoding=\"async\" class=\"normal-image\" src=\"https:\/\/cavernaselsauce.com.ar\/wp-content\/uploads\/2021\/01\/fotoslacaverna-248x218-34.png\" alt=\"\"\/><\/div><\/div><\/div><div class=\"grid-md-6 about-grid\"><div class=\"gutentor-single-item-content\"><div class=\"gutentor-about-content\"><h3 class=\"gutentor-single-item-title\">Quienes Somos<\/h3><p class=\"gutentor-single-item-desc\">M\u00e1s de 15 a\u00f1os de experiencia avalan nuestra trayectoria en espacios semiconfinados o reducidos y totalmente oscuros, conociendo el manejo de grupos.<br>Trabajamos con un grupo de colaboradores con amplia experiencia en la actividad.<br>Contamos con el equipamiento necesario para brindar seguridad a los visitantes:<br>* Casco con luz frontal<br>* Overol<br>* Guantes<\/p><\/div><\/div><\/div><\/div><\/div><\/div><\/div><\/section>\n\n\n\n<section id=\"section-a491b25f-8408-4044-b01a-8de3bccfeadc\" class=\"wp-block-gutentor-author-profile gutentor-section  gutentor-author author-profile-template1 has-color-bg has-custom-bg\"><div class=\"grid-container\"><div class=\"gutentor-block-header\"><div class=\"gutentor-section-title enable-title-design seperator-bottom text-center\"><p class=\"gutentor-title\">SEBASTI\u00c1N CEBALLOS<\/p><\/div><\/div><div class=\"gutentor-grid-item-wrap\"><div class=\"gutentor-single-item\"><div class=\"gutentor-single-item-content\"><div class=\"gutentor-single-item-image-box\"><div class=\"gutentor-image-thumb\"><img decoding=\"async\" class=\"normal-image\" src=\"https:\/\/cavernaselsauce.com.ar\/wp-content\/uploads\/2021\/01\/dsc-8445-3008x2000-19_1.jpg\" alt=\"\"\/><\/div><\/div><div class=\"gutentor-author-content\"><div class=\"gutentor-author-detail\"><h3 class=\"gutentor-single-item-title\">Espele\u00f3logo<\/h3><p class=\"gutentor-single-item-designation\"><\/p><\/div><div class=\"gutentor-single-item-desc\"><p class=\"gutentor-single-item-desc\">Prestador de Turismo Alternativo (Gu\u00eda)<br>Habilitado seg\u00fan ley 08801\/99 Dtro N\u00b0 818-02<br>Agencia C\u00f3rdoba Turismo<br>Prov. de C\u00f3rdoba<br>Especializado en Espeleoturismo o en la actividad del espele\u00edsmo.<br><br><br> <\/p><\/div><\/div><\/div><\/div><\/div><\/div><\/section>\n\n\n\n<section id=\"section-ea9b63cf-e535-4343-be93-1fc24383b85d\" class=\"wp-block-gutentor-author-profile gutentor-section  gutentor-author author-profile-template1 has-color-bg has-custom-bg\"><div class=\"grid-container\"><div class=\"gutentor-block-header\"><div class=\"gutentor-section-title enable-title-design seperator-bottom text-center\"><p class=\"gutentor-title\">ALICIA VINOVO<\/p><\/div><\/div><div class=\"gutentor-grid-item-wrap\"><div class=\"gutentor-single-item\"><div class=\"gutentor-single-item-content\"><div class=\"gutentor-single-item-image-box\"><div class=\"gutentor-image-thumb\"><img decoding=\"async\" class=\"normal-image\" src=\"https:\/\/cavernaselsauce.com.ar\/wp-content\/uploads\/2021\/03\/Alicia-Vinovo-Guia-scaled.jpg\" alt=\"Cavernas El Sauce\"\/><\/div><\/div><div class=\"gutentor-author-content\"><div class=\"gutentor-author-detail\"><h3 class=\"gutentor-single-item-title\">Espele\u00f3loga<\/h3><p class=\"gutentor-single-item-designation\"><\/p><\/div><div class=\"gutentor-single-item-desc\"><p class=\"gutentor-single-item-desc\"> Prestadora de Turismo Alternativo (Gu\u00eda)<br>Agencia C\u00f3rdoba Turismo<br>Prov. de C\u00f3rdoba<br>Especializada en Espeleoturismo o en la actividad del espele\u00edsmo.<br><br><br> <\/p><\/div><\/div><\/div><\/div><\/div><\/div><\/section>\n","protected":false},"excerpt":{"rendered":"","protected":false},"author":3,"featured_media":0,"parent":0,"menu_order":0,"comment_status":"closed","ping_status":"closed","template":"","meta":{"footnotes":""},"class_list":["post-405","page","type-page","status-publish","hentry"],"_links":{"self":[{"href":"https:\/\/cavernaselsauce.com.ar\/index.php\/wp-json\/wp\/v2\/pages\/405","targetHints":{"allow":["GET"]}}],"collection":[{"href":"https:\/\/cavernaselsauce.com.ar\/index.php\/wp-json\/wp\/v2\/pages"}],"about":[{"href":"https:\/\/cavernaselsauce.com.ar\/index.php\/wp-json\/wp\/v2\/types\/page"}],"author":[{"embeddable":true,"href":"https:\/\/cavernaselsauce.com.ar\/index.php\/wp-json\/wp\/v2\/users\/3"}],"replies":[{"embeddable":true,"href":"https:\/\/cavernaselsauce.com.ar\/index.php\/wp-json\/wp\/v2\/comments?post=405"}],"version-history":[{"count":10,"href":"https:\/\/cavernaselsauce.com.ar\/index.php\/wp-json\/wp\/v2\/pages\/405\/revisions"}],"predecessor-version":[{"id":652,"href":"https:\/\/cavernaselsauce.com.ar\/index.php\/wp-json\/wp\/v2\/pages\/405\/revisions\/652"}],"wp:attachment":[{"href":"https:\/\/cavernaselsauce.com.ar\/index.php\/wp-json\/wp\/v2\/media?parent=405"}],"curies":[{"name":"wp","href":"https:\/\/api.w.org\/{rel}","templated":true}]}}